omposite?
True
Suppose 30*l - 12*l + 436302 = 0. Let d = 36676 + l. Is d composite?
False
Suppose 8*w = 61855 + 43249 - 24232. Is w a prime number?
False
Suppose 0 = 10*q - 264332 + 11782. Is q prime?
False
Suppose -85697 = -7*j + 66943 - 40353. Is j composite?
True
Let z(i) = 1127*i**2 + 320*i + 17. Is z(-6) prime?
True
Suppose r - 2*r + 38737 = -17336. Is r a prime number?
False
Let s(p) = -10*p**3 + 78*p**2 - 20*p + 635. Is s(-40) composite?
True
Let x(m) = -94*m - 21. Suppose 1 = -a + 4*z + 6, -2*z = 0. Suppose -a*l = -4*i + 41, -5*l - 3 - 6 = 4*i. Is x(l) composite?
False
Let s = -302986 - -909929. Is s a prime number?
True
Let q(a) be the first derivative of -57/2*a**2 + 4 + 13*a. Is q(-14) composite?
False
Suppose 8511 = -4*t + 39107. Let x = -4638 + t. Is x prime?
True
Let r be (40/80)/(2/342484). Suppose -282770 + r = -17*a. Is a a composite number?
False
Suppose -i = -l - 21923, -9*i = -i - l - 175356. Is i a composite number?
True
Suppose -25 = 5*r, -129492 = 4*a - 3*r - 428359. Is a prime?
True
Let n(c) = c**2 - 8*c - 13. Suppose -y + 5*o - 10 = 0, -3*o = -6*o + 12. Let r be n(y). Let b(j) = 5*j - 21. Is b(r) a prime number?
False
Suppose -10*f + 335572 = -249378. Is f a prime number?
False
Suppose -6*b + 0*b + 2*b = 0. Suppose b = -4*w + 3*w - 4*f + 25, 4*w = -4*f + 40. Suppose -w*d = d - 2190. Is d a prime number?
False
Let d(r) = -4*r**2 + 13*r - 1. Let s(h) = 5*h**2 - 13*h + 1. Let j(f) = 6*d(f) + 5*s(f). Let n be j(-14). Suppose -10884 = b - n*b. Is b a composite number?
False
Suppose 30*u - 3108235 = -590365. Is -7 + (9 - u)/(-4) composite?
True
Suppose 7*m - 25 = 2*m, 125135 = 5*y - 4*m. Is y a composite number?
False
Let h = 26 + -26. Suppose c - 293 = -h*c. Suppose 1241 = 2*d - c. Is d a prime number?
False
Let m(o) = -633*o - 1. Let f be m(2). Let x = f + 2159. Suppose 6*c = 2030 + x. Is c prime?
True
Let w(v) = v**3 + 3*v**2 + 6*v + 22. Let b be w(-3). Suppose b*x + 3*y = 15628, 48*x - 4*y = 49*x - 3907. Is x a prime number?
True
Suppose -2*b - 2467573 = -5*f, -3*b + 662067 = -2*f + 1649105. Is f composite?
True
Let f(y) = 31758*y - 1607. Is f(3) composite?
True
Suppose 264118 = 28*r - 1412046. Is r composite?
False
Let y(r) = 100*r - 34. Let n(h) = 102*h - 37. Let m(a) = -3*n(a) + 4*y(a). Is m(7) prime?
False
Suppose 0 = -6*u + 84. Suppose u*a = -2*a + 44976. Is a prime?
False
Suppose -6*k = 106*k - 11*k - 368953. Is k composite?
True
Let v = 56 + -58. Let t(p) = -p**3 - 2*p**2 + 3. Let x be t(v). Suppose -5*u - 5*s = -955, -x*u + 278 = -5*s - 295. Is u a composite number?
False
Let j(h) = -2*h**3 - 62*h**2 - 2*h - 62. Let l be j(-31). Let u be 251/2*(2 + 0). Suppose 0*m + m - 3*t = 251, l = m - 4*t - u. Is m a composite number?
False
Let z(p) = 304*p**2 - 28*p - 79. Is z(-20) a prime number?
True
Let w = -4830 - -4953. Suppose 1 = -4*c + s, -2*c = -3*s + 5 + 8. Is ((-1 - 47) + c)*w/(-3) a composite number?
True
Let m(u) = -12*u**2 - 126*u + 171. Let d(s) = -7*s**2 - 64*s + 86. Let r(a) = -7*d(a) + 4*m(a). Is r(-39) a prime number?
False
Let b = -4692 - -10434. Let q be (-6431)/(-2071) + (-4)/38. Suppose 2*v - 1109 - 3198 = -3*z, -4*z - q*v = -b. Is z a composite number?
True
Let p(i) = 7914*i - 6. Let u be p(7). Suppose -24*d = 13800 - u. Is d prime?
True
Let h(g) = -3*g + 1. Let u be h(-2). Suppose -c + 336 = u*c. Suppose -36*n + c*n - 41982 = 0. Is n a prime number?
True
Suppose 0 = x - b - 105652 + 3560, 0 = -4*x - 3*b + 408382. Is (-4)/(-16) + (1 - x/(-8)) prime?
True
Suppose -g - 4*p = -17 - 13, -2*p = -3*g + 118. Suppose 49*z = g*z + 63899. Is z composite?
True
Suppose 4*t - 55 = -0*t + 5*w, -5*t = -3*w - 59. Let v be (t/(-5))/1 + 749. Suppose 3*i - 1459 = -4*o, v + 229 = 2*i + o. Is i a prime number?
False
Let i = 331061 - 206724. Is i a composite number?
False
Let t(l) = 52454*l - 565. Is t(6) prime?
True
Suppose 4*m = -4*r + 23148, r + 0*r - 11571 = -2*m. Suppose -j - 5*g = -m, 7*g + 11553 = 2*j + 2*g. Is j a prime number?
True
Let t be 1/11 + (-156)/22. Let q(o) = -5*o**3 + 8*o**2 + 9*o - 26. Is q(t) prime?
False
Let w = -64 - -60. Let j(q) = 653*q**2 + 4*q + 2. Let h be j(w). Suppose -3*n - 1 = 5, h = 4*d + n. Is d prime?
True
Let h = 1 + 8. Let m(i) = 6*i - 15. Let p be m(3). Is h/(-15) - (3092/(-20) - p) a composite number?
False
Let l(x) be the second derivative of x**4/12 + 19*x**3/6 + 17*x**2 - 17*x. Let u be l(-17). Suppose 8*w - 9752 = -u*w. Is w a composite number?
True
Suppose -37343494 = -7*m - 18*m - 7862219. Is m prime?
True
Suppose 571952996 = 152*s + 247*s + 195587069. Is s a composite number?
False
Is (14 - 4 - -2700) + 13 prime?
False
Let g = 130 - 144. Let u(l) = -l**3 - 16*l**2 + 15*l - 20. Let p be u(g). Let k = -249 - p. Is k a prime number?
True
Let x(o) = -o**2 - 7*o - 1. Let g be x(-13). Let b = g + 117. Suppose 0*s + s = b. Is s a prime number?
False
Is (-16785356)/(-10)*(-420)/(-168) composite?
True
Suppose -m = -g + 36, -4*m - 41 = -3*m - 2*g. Let h = 31 + m. Suppose h*t = 5*t - 6925. Is t a prime number?
False
Suppose -20 = 5*q + 5*a, 2*q + 0*q - 1 = -5*a. Let k be 13620/(-35) + (-1)/q. Let r = -10 - k. Is r a composite number?
False
Let v = 46094 + -15657. Is v prime?
False
Is (10/20)/((18/1258324)/9) a prime number?
True
Suppose 2*n = 2*h - 0*n + 4, 22 = 3*h + 4*n. Suppose -4*x = 12, h*x - x = 5*q - 13. Suppose 188 = q*b + 2*o, -193 = -3*b + b - 3*o. Is b composite?
False
Let h be -5 + 2208/(-20) - (-4)/10. Let t = 510 + h. Is t prime?
False
Let m(a) = -2*a**2 + 50*a - 37. Let d be m(15). Let s = -12 + d. Is s prime?
True
Let z(t) = -885*t + 65. Let l(x) = x. Let o(q) = -6*l(q) - z(q). Is o(12) a composite number?
True
Let d be (-7)/42*-964*-9. Let t = -37 - d. Is t prime?
True
Suppose 234*v - 232*v - 4*k = 628390, 4*v + 5*k = 1256793. Is v a composite number?
True
Is (-3628)/(-1) - (-29)/(609/147) composite?
True
Let w(q) = 1707*q**2 - 22*q - 41. Is w(-6) a prime number?
True
Let k(p) = -5*p**3 + 4*p**2 + 4*p + 7. Let d be k(4). Let s be 2 + (-2 + 1 - (d - -4)). Let c = s - 39. Is c prime?
True
Suppose -2*n - 4*r + 619874 = 0, 309945 = n - 118*r + 122*r. Is n composite?
False
Let n = -10 + 7. Suppose 0 = 58*g - 71*g - 585. Is 15/g + (-448)/n a composite number?
False
Let o = 4 - -1. Suppose 4*y - 1 = -5*m - 56, m = -o*y - 32. Is ((-388)/m)/(6/21) composite?
True
Suppose 26*w + 88*w - 5177300 = 14*w. Is w a prime number?
False
Suppose 15*d = 13*d + 2072. Suppose -m - d = -2*x + 327, 2*m + 2043 = 3*x. Is x a prime number?
True
Suppose -109*x = 12*x - 22771111. Is x a composite number?
True
Is 128/(-256) - (-250374)/4 a prime number?
False
Let x(r) = 63137*r + 259. Let p be x(17). Suppose p + 255962 = 50*h. Is h a composite number?
False
Is ((-141734)/(-4))/(29/58) prime?
True
Let t(a) = -a + 1. Let n(q) = 36*q - 40. Let s(v) = -n(v) + 10*t(v). Suppose -2*d = -x - 12, -36*x - 4*d + 36 = -40*x. Is s(x) composite?
True
Let z(o) be the first derivative of -146*o**2 + o - 4. Let y be z(3). Let w = -624 - y. Is w a composite number?
False
Suppose 2*y + 5 = -4*z + 13, z - 9 = 3*y. Suppose 3*f - 8*f + z*c + 21952 = 0, 3*f - 13172 = c. Is f composite?
False
Let k = -254 + 267. Let n(z) = -167*z + 139. Let d(v) = -42*v + 35. Let g(j) = -9*d(j) + 2*n(j). Is g(k) a composite number?
True
Is 32/(-56) - 7/(343/(-37816121)) prime?
False
Suppose -i = -6*i + 3*h + 285664, 4*i - 4*h = 228536. Let z = i + -25884. Is z a prime number?
True
Is (28 - 153)*-3026 + 5 + -1 a prime number?
False
Suppose -5*p - 37 = -4*r, -r + 13 = -2*p - 0*p. Suppose -r*d + 1706 = 2*i, -d = -5*i - 918 + 5183. Is i prime?
True
Suppose 277514 = 5*i - f, 222016 = 4*i - 4*f + 8*f. Suppose 1633 = 16*n - i. Is n a composite number?
False
Let j(q) = 20295*q - 7. Let h be j(2). Suppose -6*v + h + 49183 = 0. Suppose -10*r + 7*r = -v. Is r a prime number?
True
Let g = 5934 + 8513. Is g a composite number?
False
Is 19/(285/(-9405945))*3/(-9) a prime number?
True
Suppose 0 = t + 12 - 16. Suppose -3 = d, 5*d + t = -3*c - 2. Is 0 - (-1 - (c - -135)) composite?
False
Suppose -23*i + 16916 = -19*i. Let r = i - 2364. Is r a composite number?
True
Suppose 0 = -5*l + 211 - 226, 4*l = 5*u - 1251277. Is u composite?
False
Let d = 50894 - -33937. Is d a composite number?
True
Suppose -5*n = -3*s - 60559, -2*n - n = -4*s - 36331. Is n a pri